{"id":5651,"date":"2025-03-20T10:24:04","date_gmt":"2025-03-20T09:24:04","guid":{"rendered":"https:\/\/denda.museodelnacionalismovasco.eus\/?post_type=product&#038;p=5651"},"modified":"2025-11-03T11:08:12","modified_gmt":"2025-11-03T10:08:12","slug":"libro-amale-arzelus-arrieta-mis-memorias","status":"publish","type":"product","link":"https:\/\/denda.museodelnacionalismovasco.eus\/es\/producto\/libro-amale-arzelus-arrieta-mis-memorias\/","title":{"rendered":"Libro Amale Arzelus Arrieta. Mis memorias"},"content":{"rendered":"<p>Su autor, Jon Andoni \u201cJonan\u201d Zinkunegi Arzelus, hijo de Amale, ha utilizado los textos Nere oroimenak y Nere ekintzak, escritos por la propia Amale, a los que ha a\u00f1adido aportaciones para completar la obra.<\/p>\n<p>El libro tiene dos versiones. La versi\u00f3n original es en euskera y la castellana no es una traducci\u00f3n de la original.<\/p>\n<p>El relato del libro transcurre por una parte importante de la historia de Euskadi en la que la familia Arzelus tuvo especial protagonismo. El padre de Amale, Ander Arzelus Luzear, fue miembro del Euzkadi Buru Batzar de EAJ-PNV y promotor de numerosas actividades culturales, entre las que cabe mencionar el teatro y la radio, siempre en euskera. Es por ello que Amale vivi\u00f3 desde muy joven un ambiente pol\u00edtico y cultural vasquista.<\/p>\n<p>La obra expone diferentes \u00e1mbitos de la vida de Amale Arzelus Arrieta, desde el familiar a su condici\u00f3n de ser la primera mujer locutora que particip\u00f3 en la radio en euskera, as\u00ed como la labor que realiz\u00f3 como profesora de y en euskera. En el \u00e1mbito teatral, se recuerda su participaci\u00f3n en el grupo Poxpolinak. El libro permite, asimismo, conocer la evoluci\u00f3n de la trayectoria pol\u00edtica de Amale Arzelus. Para terminar, se recuerdan algunos de los homenajes que se ofrecieron a Amale Arzelus en sus \u00faltimos a\u00f1os de vida.<\/p>\n","protected":false},"excerpt":{"rendered":"<p>El Museo del Nacionalismo Vasco de Sabino Arana Fundazioa, en colaboraci\u00f3n con la Diputaci\u00f3n Foral de Gipuzkoa, ha publicado el libro Amale Arzelus Arrieta. Mis memorias. Su autor, Jon Andoni \u201cJonan\u201d Zinkunegi Arzelus, hijo de Amale, ha utilizado los textos Nere oroimenak y Nere ekintzak, escritos por la propia Amale, a los que ha a\u00f1adido aportaciones para completar la obra.<\/p>\n","protected":false},"featured_media":5657,"template":"","meta":[],"product_brand":[],"product_cat":[96],"product_tag":[137,138,136,132,134,131,140,139],"class_list":{"0":"post-5651","1":"product","2":"type-product","3":"status-publish","4":"has-post-thumbnail","6":"product_cat-publicaciones","7":"product_tag-basquecountry","8":"product_tag-denda","9":"product_tag-euskadi","10":"product_tag-euskal-abertzaletasunaren-museoa","11":"product_tag-euzkadi","12":"product_tag-museo-del-nacionalismo-vasco","13":"product_tag-museum-of-basque-nationalism","14":"product_tag-tienda","16":"first","17":"instock","18":"shipping-taxable","19":"purchasable","20":"product-type-simple"},"yoast_head":"<!-- This site is optimized with the Yoast SEO plugin v24.7 - https:\/\/yoast.com\/wordpress\/plugins\/seo\/ -->\n<title>Libro Amale Arzelus Arrieta. Mis memorias - Museo del Nacionalismo Vasco - Tienda<\/title>\n<meta name=\"description\" content=\"Su autor, Jon Andoni \u201cJonan\u201d Zinkunegi Arzelus, hijo de Amale, ha utilizado los textos Nere oroimenak y Nere ekintzak, escritos por la propia Amale, a los que ha a\u00f1adido aportaciones para completar la obra.\" \/>\n<meta name=\"robots\" content=\"index, follow, max-snippet:-1, max-image-preview:large, max-video-preview:-1\" \/>\n<link rel=\"canonical\" href=\"https:\/\/denda.museodelnacionalismovasco.eus\/es\/producto\/libro-amale-arzelus-arrieta-mis-memorias\/\" \/>\n<meta property=\"og:locale\" content=\"es_ES\" \/>\n<meta property=\"og:type\" content=\"article\" \/>\n<meta property=\"og:title\" content=\"Libro Amale Arzelus Arrieta. Mis memorias - Museo del Nacionalismo Vasco - Tienda\" \/>\n<meta property=\"og:description\" content=\"Su autor, Jon Andoni \u201cJonan\u201d Zinkunegi Arzelus, hijo de Amale, ha utilizado los textos Nere oroimenak y Nere ekintzak, escritos por la propia Amale, a los que ha a\u00f1adido aportaciones para completar la obra.\" \/>\n<meta property=\"og:url\" content=\"https:\/\/denda.museodelnacionalismovasco.eus\/es\/producto\/libro-amale-arzelus-arrieta-mis-memorias\/\" \/>\n<meta property=\"og:site_name\" content=\"Museo del Nacionalismo Vasco - Tienda\" \/>\n<meta property=\"article:modified_time\" content=\"2025-11-03T10:08:12+00:00\" \/>\n<meta property=\"og:image\" content=\"https:\/\/denda.museodelnacionalismovasco.eus\/wp-content\/uploads\/2025\/03\/thumbnail_portada-amale.jpg\" \/>\n\t<meta property=\"og:image:width\" content=\"1000\" \/>\n\t<meta property=\"og:image:height\" content=\"1000\" \/>\n\t<meta property=\"og:image:type\" content=\"image\/jpeg\" \/>\n<meta name=\"twitter:card\" content=\"summary_large_image\" \/>\n<meta name=\"twitter:label1\" content=\"Tiempo de lectura\" \/>\n\t<meta name=\"twitter:data1\" content=\"2 minutos\" \/>\n<script type=\"application\/ld+json\" class=\"yoast-schema-graph\">{\"@context\":\"https:\/\/schema.org\",\"@graph\":[{\"@type\":\"WebPage\",\"@id\":\"https:\/\/denda.museodelnacionalismovasco.eus\/es\/producto\/libro-amale-arzelus-arrieta-mis-memorias\/\",\"url\":\"https:\/\/denda.museodelnacionalismovasco.eus\/es\/producto\/libro-amale-arzelus-arrieta-mis-memorias\/\",\"name\":\"Libro Amale Arzelus Arrieta. Mis memorias - Museo del Nacionalismo Vasco - Tienda\",\"isPartOf\":{\"@id\":\"https:\/\/denda.museodelnacionalismovasco.eus\/es\/#website\"},\"primaryImageOfPage\":{\"@id\":\"https:\/\/denda.museodelnacionalismovasco.eus\/es\/producto\/libro-amale-arzelus-arrieta-mis-memorias\/#primaryimage\"},\"image\":{\"@id\":\"https:\/\/denda.museodelnacionalismovasco.eus\/es\/producto\/libro-amale-arzelus-arrieta-mis-memorias\/#primaryimage\"},\"thumbnailUrl\":\"https:\/\/denda.museodelnacionalismovasco.eus\/wp-content\/uploads\/2025\/03\/thumbnail_portada-amale.jpg\",\"datePublished\":\"2025-03-20T09:24:04+00:00\",\"dateModified\":\"2025-11-03T10:08:12+00:00\",\"description\":\"Su autor, Jon Andoni \u201cJonan\u201d Zinkunegi Arzelus, hijo de Amale, ha utilizado los textos Nere oroimenak y Nere ekintzak, escritos por la propia Amale, a los que ha a\u00f1adido aportaciones para completar la obra.\",\"breadcrumb\":{\"@id\":\"https:\/\/denda.museodelnacionalismovasco.eus\/es\/producto\/libro-amale-arzelus-arrieta-mis-memorias\/#breadcrumb\"},\"inLanguage\":\"es\",\"potentialAction\":[{\"@type\":\"ReadAction\",\"target\":[\"https:\/\/denda.museodelnacionalismovasco.eus\/es\/producto\/libro-amale-arzelus-arrieta-mis-memorias\/\"]}]},{\"@type\":\"ImageObject\",\"inLanguage\":\"es\",\"@id\":\"https:\/\/denda.museodelnacionalismovasco.eus\/es\/producto\/libro-amale-arzelus-arrieta-mis-memorias\/#primaryimage\",\"url\":\"https:\/\/denda.museodelnacionalismovasco.eus\/wp-content\/uploads\/2025\/03\/thumbnail_portada-amale.jpg\",\"contentUrl\":\"https:\/\/denda.museodelnacionalismovasco.eus\/wp-content\/uploads\/2025\/03\/thumbnail_portada-amale.jpg\",\"width\":1000,\"height\":1000,\"caption\":\"Libro Arzelus Arrieta tar Amale. Nire oroimenak. liburua\"},{\"@type\":\"BreadcrumbList\",\"@id\":\"https:\/\/denda.museodelnacionalismovasco.eus\/es\/producto\/libro-amale-arzelus-arrieta-mis-memorias\/#breadcrumb\",\"itemListElement\":[{\"@type\":\"ListItem\",\"position\":1,\"name\":\"Portada\",\"item\":\"https:\/\/denda.museodelnacionalismovasco.eus\/es\/\"},{\"@type\":\"ListItem\",\"position\":2,\"name\":\"Shop\",\"item\":\"https:\/\/denda.museodelnacionalismovasco.eus\/es\/shop\/\"},{\"@type\":\"ListItem\",\"position\":3,\"name\":\"Libro Amale Arzelus Arrieta. Mis memorias\"}]},{\"@type\":\"WebSite\",\"@id\":\"https:\/\/denda.museodelnacionalismovasco.eus\/es\/#website\",\"url\":\"https:\/\/denda.museodelnacionalismovasco.eus\/es\/\",\"name\":\"Museo del Nacionalismo Vasco - Tienda\",\"description\":\"\",\"potentialAction\":[{\"@type\":\"SearchAction\",\"target\":{\"@type\":\"EntryPoint\",\"urlTemplate\":\"https:\/\/denda.museodelnacionalismovasco.eus\/es\/?s={search_term_string}\"},\"query-input\":{\"@type\":\"PropertyValueSpecification\",\"valueRequired\":true,\"valueName\":\"search_term_string\"}}],\"inLanguage\":\"es\"}]}<\/script>\n<!-- \/ Yoast SEO plugin. -->","yoast_head_json":{"title":"Libro Amale Arzelus Arrieta. Mis memorias - Museo del Nacionalismo Vasco - Tienda","description":"Su autor, Jon Andoni \u201cJonan\u201d Zinkunegi Arzelus, hijo de Amale, ha utilizado los textos Nere oroimenak y Nere ekintzak, escritos por la propia Amale, a los que ha a\u00f1adido aportaciones para completar la obra.","robots":{"index":"index","follow":"follow","max-snippet":"max-snippet:-1","max-image-preview":"max-image-preview:large","max-video-preview":"max-video-preview:-1"},"canonical":"https:\/\/denda.museodelnacionalismovasco.eus\/es\/producto\/libro-amale-arzelus-arrieta-mis-memorias\/","og_locale":"es_ES","og_type":"article","og_title":"Libro Amale Arzelus Arrieta. Mis memorias - Museo del Nacionalismo Vasco - Tienda","og_description":"Su autor, Jon Andoni \u201cJonan\u201d Zinkunegi Arzelus, hijo de Amale, ha utilizado los textos Nere oroimenak y Nere ekintzak, escritos por la propia Amale, a los que ha a\u00f1adido aportaciones para completar la obra.","og_url":"https:\/\/denda.museodelnacionalismovasco.eus\/es\/producto\/libro-amale-arzelus-arrieta-mis-memorias\/","og_site_name":"Museo del Nacionalismo Vasco - Tienda","article_modified_time":"2025-11-03T10:08:12+00:00","og_image":[{"width":1000,"height":1000,"url":"https:\/\/denda.museodelnacionalismovasco.eus\/wp-content\/uploads\/2025\/03\/thumbnail_portada-amale.jpg","type":"image\/jpeg"}],"twitter_card":"summary_large_image","twitter_misc":{"Tiempo de lectura":"2 minutos"},"schema":{"@context":"https:\/\/schema.org","@graph":[{"@type":"WebPage","@id":"https:\/\/denda.museodelnacionalismovasco.eus\/es\/producto\/libro-amale-arzelus-arrieta-mis-memorias\/","url":"https:\/\/denda.museodelnacionalismovasco.eus\/es\/producto\/libro-amale-arzelus-arrieta-mis-memorias\/","name":"Libro Amale Arzelus Arrieta. Mis memorias - Museo del Nacionalismo Vasco - Tienda","isPartOf":{"@id":"https:\/\/denda.museodelnacionalismovasco.eus\/es\/#website"},"primaryImageOfPage":{"@id":"https:\/\/denda.museodelnacionalismovasco.eus\/es\/producto\/libro-amale-arzelus-arrieta-mis-memorias\/#primaryimage"},"image":{"@id":"https:\/\/denda.museodelnacionalismovasco.eus\/es\/producto\/libro-amale-arzelus-arrieta-mis-memorias\/#primaryimage"},"thumbnailUrl":"https:\/\/denda.museodelnacionalismovasco.eus\/wp-content\/uploads\/2025\/03\/thumbnail_portada-amale.jpg","datePublished":"2025-03-20T09:24:04+00:00","dateModified":"2025-11-03T10:08:12+00:00","description":"Su autor, Jon Andoni \u201cJonan\u201d Zinkunegi Arzelus, hijo de Amale, ha utilizado los textos Nere oroimenak y Nere ekintzak, escritos por la propia Amale, a los que ha a\u00f1adido aportaciones para completar la obra.","breadcrumb":{"@id":"https:\/\/denda.museodelnacionalismovasco.eus\/es\/producto\/libro-amale-arzelus-arrieta-mis-memorias\/#breadcrumb"},"inLanguage":"es","potentialAction":[{"@type":"ReadAction","target":["https:\/\/denda.museodelnacionalismovasco.eus\/es\/producto\/libro-amale-arzelus-arrieta-mis-memorias\/"]}]},{"@type":"ImageObject","inLanguage":"es","@id":"https:\/\/denda.museodelnacionalismovasco.eus\/es\/producto\/libro-amale-arzelus-arrieta-mis-memorias\/#primaryimage","url":"https:\/\/denda.museodelnacionalismovasco.eus\/wp-content\/uploads\/2025\/03\/thumbnail_portada-amale.jpg","contentUrl":"https:\/\/denda.museodelnacionalismovasco.eus\/wp-content\/uploads\/2025\/03\/thumbnail_portada-amale.jpg","width":1000,"height":1000,"caption":"Libro Arzelus Arrieta tar Amale. Nire oroimenak. liburua"},{"@type":"BreadcrumbList","@id":"https:\/\/denda.museodelnacionalismovasco.eus\/es\/producto\/libro-amale-arzelus-arrieta-mis-memorias\/#breadcrumb","itemListElement":[{"@type":"ListItem","position":1,"name":"Portada","item":"https:\/\/denda.museodelnacionalismovasco.eus\/es\/"},{"@type":"ListItem","position":2,"name":"Shop","item":"https:\/\/denda.museodelnacionalismovasco.eus\/es\/shop\/"},{"@type":"ListItem","position":3,"name":"Libro Amale Arzelus Arrieta. Mis memorias"}]},{"@type":"WebSite","@id":"https:\/\/denda.museodelnacionalismovasco.eus\/es\/#website","url":"https:\/\/denda.museodelnacionalismovasco.eus\/es\/","name":"Museo del Nacionalismo Vasco - Tienda","description":"","potentialAction":[{"@type":"SearchAction","target":{"@type":"EntryPoint","urlTemplate":"https:\/\/denda.museodelnacionalismovasco.eus\/es\/?s={search_term_string}"},"query-input":{"@type":"PropertyValueSpecification","valueRequired":true,"valueName":"search_term_string"}}],"inLanguage":"es"}]}},"_links":{"self":[{"href":"https:\/\/denda.museodelnacionalismovasco.eus\/es\/wp-json\/wp\/v2\/product\/5651","targetHints":{"allow":["GET"]}}],"collection":[{"href":"https:\/\/denda.museodelnacionalismovasco.eus\/es\/wp-json\/wp\/v2\/product"}],"about":[{"href":"https:\/\/denda.museodelnacionalismovasco.eus\/es\/wp-json\/wp\/v2\/types\/product"}],"wp:featuredmedia":[{"embeddable":true,"href":"https:\/\/denda.museodelnacionalismovasco.eus\/es\/wp-json\/wp\/v2\/media\/5657"}],"wp:attachment":[{"href":"https:\/\/denda.museodelnacionalismovasco.eus\/es\/wp-json\/wp\/v2\/media?parent=5651"}],"wp:term":[{"taxonomy":"product_brand","embeddable":true,"href":"https:\/\/denda.museodelnacionalismovasco.eus\/es\/wp-json\/wp\/v2\/product_brand?post=5651"},{"taxonomy":"product_cat","embeddable":true,"href":"https:\/\/denda.museodelnacionalismovasco.eus\/es\/wp-json\/wp\/v2\/product_cat?post=5651"},{"taxonomy":"product_tag","embeddable":true,"href":"https:\/\/denda.museodelnacionalismovasco.eus\/es\/wp-json\/wp\/v2\/product_tag?post=5651"}],"curies":[{"name":"wp","href":"https:\/\/api.w.org\/{rel}","templated":true}]}}

<p>Su autor, Jon Andoni “Jonan” Zinkunegi Arzelus, hijo de Amale, ha utilizado los textos Nere oroimenak y Nere ekintzak, escritos por la propia Amale, a los que ha añadido aportaciones para completar la obra.</p>
<p>El libro tiene dos versiones. La versión original es en euskera y la castellana no es una traducción de la original.</p>
<p>El relato del libro transcurre por una parte importante de la historia de Euskadi en la que la familia Arzelus tuvo especial protagonismo. El padre de Amale, Ander Arzelus Luzear, fue miembro del Euzkadi Buru Batzar de EAJ-PNV y promotor de numerosas actividades culturales, entre las que cabe mencionar el teatro y la radio, siempre en euskera. Es por ello que Amale vivió desde muy joven un ambiente político y cultural vasquista.</p>
<p>La obra expone diferentes ámbitos de la vida de Amale Arzelus Arrieta, desde el familiar a su condición de ser la primera mujer locutora que participó en la radio en euskera, así como la labor que realizó como profesora de y en euskera. En el ámbito teatral, se recuerda su participación en el grupo Poxpolinak. El libro permite, asimismo, conocer la evolución de la trayectoria política de Amale Arzelus. Para terminar, se recuerdan algunos de los homenajes que se ofrecieron a Amale Arzelus en sus últimos años de vida.</p>

<p>El Museo del Nacionalismo Vasco de Sabino Arana Fundazioa, en colaboración con la Diputación Foral de Gipuzkoa, ha publicado el libro Amale Arzelus Arrieta. Mis memorias. Su autor, Jon Andoni “Jonan” Zinkunegi Arzelus, hijo de Amale, ha utilizado los textos Nere oroimenak y Nere ekintzak, escritos por la propia Amale, a los que ha añadido aportaciones para completar la obra.</p>

<!-- This site is optimized with the Yoast SEO plugin v24.7 - https://yoast.com/wordpress/plugins/seo/ -->
<title>Libro Amale Arzelus Arrieta. Mis memorias - Museo del Nacionalismo Vasco - Tienda</title>
<meta name="description" content="Su autor, Jon Andoni “Jonan” Zinkunegi Arzelus, hijo de Amale, ha utilizado los textos Nere oroimenak y Nere ekintzak, escritos por la propia Amale, a los que ha añadido aportaciones para completar la obra." />
<meta name="robots" content="index, follow, max-snippet:-1, max-image-preview:large, max-video-preview:-1" />
<link rel="canonical" href="https://denda.museodelnacionalismovasco.eus/es/producto/libro-amale-arzelus-arrieta-mis-memorias/" />
<meta property="og:locale" content="es_ES" />
<meta property="og:type" content="article" />
<meta property="og:title" content="Libro Amale Arzelus Arrieta. Mis memorias - Museo del Nacionalismo Vasco - Tienda" />
<meta property="og:description" content="Su autor, Jon Andoni “Jonan” Zinkunegi Arzelus, hijo de Amale, ha utilizado los textos Nere oroimenak y Nere ekintzak, escritos por la propia Amale, a los que ha añadido aportaciones para completar la obra." />
<meta property="og:url" content="https://denda.museodelnacionalismovasco.eus/es/producto/libro-amale-arzelus-arrieta-mis-memorias/" />
<meta property="og:site_name" content="Museo del Nacionalismo Vasco - Tienda" />
<meta property="article:modified_time" content="2025-11-03T10:08:12+00:00" />
<meta property="og:image" content="https://denda.museodelnacionalismovasco.eus/wp-content/uploads/2025/03/thumbnail_portada-amale.jpg" />
	<meta property="og:image:width" content="1000" />
	<meta property="og:image:height" content="1000" />
	<meta property="og:image:type" content="image/jpeg" />
<meta name="twitter:card" content="summary_large_image" />
<meta name="twitter:label1" content="Tiempo de lectura" />
	<meta name="twitter:data1" content="2 minutos" />
<script type="application/ld+json" class="yoast-schema-graph">{"@context":"https://schema.org","@graph":[{"@type":"WebPage","@id":"https://denda.museodelnacionalismovasco.eus/es/producto/libro-amale-arzelus-arrieta-mis-memorias/","url":"https://denda.museodelnacionalismovasco.eus/es/producto/libro-amale-arzelus-arrieta-mis-memorias/","name":"Libro Amale Arzelus Arrieta. Mis memorias - Museo del Nacionalismo Vasco - Tienda","isPartOf":{"@id":"https://denda.museodelnacionalismovasco.eus/es/#website"},"primaryImageOfPage":{"@id":"https://denda.museodelnacionalismovasco.eus/es/producto/libro-amale-arzelus-arrieta-mis-memorias/#primaryimage"},"image":{"@id":"https://denda.museodelnacionalismovasco.eus/es/producto/libro-amale-arzelus-arrieta-mis-memorias/#primaryimage"},"thumbnailUrl":"https://denda.museodelnacionalismovasco.eus/wp-content/uploads/2025/03/thumbnail_portada-amale.jpg","datePublished":"2025-03-20T09:24:04+00:00","dateModified":"2025-11-03T10:08:12+00:00","description":"Su autor, Jon Andoni “Jonan” Zinkunegi Arzelus, hijo de Amale, ha utilizado los textos Nere oroimenak y Nere ekintzak, escritos por la propia Amale, a los que ha añadido aportaciones para completar la obra.","breadcrumb":{"@id":"https://denda.museodelnacionalismovasco.eus/es/producto/libro-amale-arzelus-arrieta-mis-memorias/#breadcrumb"},"inLanguage":"es","potentialAction":[{"@type":"ReadAction","target":["https://denda.museodelnacionalismovasco.eus/es/producto/libro-amale-arzelus-arrieta-mis-memorias/"]}]},{"@type":"ImageObject","inLanguage":"es","@id":"https://denda.museodelnacionalismovasco.eus/es/producto/libro-amale-arzelus-arrieta-mis-memorias/#primaryimage","url":"https://denda.museodelnacionalismovasco.eus/wp-content/uploads/2025/03/thumbnail_portada-amale.jpg","contentUrl":"https://denda.museodelnacionalismovasco.eus/wp-content/uploads/2025/03/thumbnail_portada-amale.jpg","width":1000,"height":1000,"caption":"Libro Arzelus Arrieta tar Amale. Nire oroimenak. liburua"},{"@type":"BreadcrumbList","@id":"https://denda.museodelnacionalismovasco.eus/es/producto/libro-amale-arzelus-arrieta-mis-memorias/#breadcrumb","itemListElement":[{"@type":"ListItem","position":1,"name":"Portada","item":"https://denda.museodelnacionalismovasco.eus/es/"},{"@type":"ListItem","position":2,"name":"Shop","item":"https://denda.museodelnacionalismovasco.eus/es/shop/"},{"@type":"ListItem","position":3,"name":"Libro Amale Arzelus Arrieta. Mis memorias"}]},{"@type":"WebSite","@id":"https://denda.museodelnacionalismovasco.eus/es/#website","url":"https://denda.museodelnacionalismovasco.eus/es/","name":"Museo del Nacionalismo Vasco - Tienda","description":"","potentialAction":[{"@type":"SearchAction","target":{"@type":"EntryPoint","urlTemplate":"https://denda.museodelnacionalismovasco.eus/es/?s={search_term_string}"},"query-input":{"@type":"PropertyValueSpecification","valueRequired":true,"valueName":"search_term_string"}}],"inLanguage":"es"}]}</script>
<!-- / Yoast SEO plugin. -->

Su autor, Jon Andoni “Jonan” Zinkunegi Arzelus, hijo de Amale, ha utilizado los textos Nere oroimenak y Nere ekintzak, escritos por la propia Amale, a los que ha añadido aportaciones para completar la obra.
