{"id":5464,"date":"2024-06-11T17:09:11","date_gmt":"2024-06-11T16:09:11","guid":{"rendered":"https:\/\/denda.museodelnacionalismovasco.eus\/?post_type=product&#038;p=5464"},"modified":"2025-12-18T12:31:32","modified_gmt":"2025-12-18T11:31:32","slug":"colgante-eguzkilore-con-circonita","status":"publish","type":"product","link":"https:\/\/denda.museodelnacionalismovasco.eus\/es\/producto\/colgante-eguzkilore-con-circonita\/","title":{"rendered":"Colgante Eguzkilore con Circonita 17 mm"},"content":{"rendered":"<p>Colgante Eguzkilore de 17 mm de di\u00e1metro est\u00e1 elaborado de acero quir\u00fargico inoxidable de la mejor calidad (acero 316 L anti- alerg\u00e9nico)\u00a0y en su n\u00facleo se encuentra una maravillosa circonita de color blanco.<\/p>\n<p>Directamente del taller artesanal<strong> Basque Live Project<\/strong>: dise\u00f1os exclusivos,\u00a0\u00fanicos\u00a0y originales de <strong>Euskal Herria<\/strong>!<\/p>\n<p>Precioso colgante en forma de <strong>Eguzkilore<\/strong>.\u00a0Seg\u00fan la antigua leyenda vasca, este <strong>amuleto<\/strong> tiene un poder protector contra malos hechizos, brujer\u00edas, enfermedades, tormentas,\u00a0tempestades\u00a0y rayos.<\/p>\n<ul>\n<li><strong>Composici\u00f3n:<\/strong>\u00a0 Acero inoxidable quir\u00fargico \u00a0316 L hipoalerg\u00e9nico (no magn\u00e9tico), grabado L\u00e1ser \u2013 los nervios de la flor.<\/li>\n<li><strong>Tama\u00f1o:<\/strong>\u00a0 El <strong>colgante<\/strong> tiene 17mm de di\u00e1metro.<\/li>\n<li><strong>Soporte:<\/strong> \u00a0Cadena de acero inoxidable aprox. de 45cm de largo.<\/li>\n<li><strong>Presentaci\u00f3n:<\/strong> 1x Cajita de cart\u00f3n <strong>\u00abBasque Live\u00bb<\/strong>, 1x Descripci\u00f3n, 1x Colgante <strong>Eguzkilore<\/strong>.<\/li>\n<li><strong>Peso con embalaje:<\/strong>\u00a0aprox. 30 gramos.<\/li>\n<\/ul>\n","protected":false},"excerpt":{"rendered":"<p>Colgante Eguzkilore de 17 mm de di\u00e1metro est\u00e1 elaborado de acero quir\u00fargico inoxidable de la mejor calidad (acero 316 L anti- alerg\u00e9nico)\u00a0y en su n\u00facleo se encuentra una maravillosa circonita de color blanco.<\/p>\n","protected":false},"featured_media":5465,"template":"","meta":[],"product_brand":[],"product_cat":[170,145],"product_tag":[177,173,176,131,139],"class_list":{"0":"post-5464","1":"product","2":"type-product","3":"status-publish","4":"has-post-thumbnail","6":"product_cat-colgante","7":"product_cat-joyeria","8":"product_tag-circonita","9":"product_tag-colgante","10":"product_tag-eguzkilore","11":"product_tag-museo-del-nacionalismo-vasco","12":"product_tag-tienda","14":"first","15":"outofstock","16":"shipping-taxable","17":"purchasable","18":"product-type-variable","19":"has-default-attributes"},"yoast_head":"<!-- This site is optimized with the Yoast SEO plugin v24.7 - https:\/\/yoast.com\/wordpress\/plugins\/seo\/ -->\n<title>Colgante Eguzkilore con Circonita 17 mm - Museo del Nacionalismo Vasco - Tienda<\/title>\n<meta name=\"description\" content=\"Museo del Nacionalismo Vasco - Tienda - Colgante Eguzkilore con Circonita 17 mm\" \/>\n<meta name=\"robots\" content=\"index, follow, max-snippet:-1, max-image-preview:large, max-video-preview:-1\" \/>\n<link rel=\"canonical\" href=\"https:\/\/denda.museodelnacionalismovasco.eus\/es\/producto\/colgante-eguzkilore-con-circonita\/\" \/>\n<meta property=\"og:locale\" content=\"es_ES\" \/>\n<meta property=\"og:type\" content=\"article\" \/>\n<meta property=\"og:title\" content=\"Colgante Eguzkilore con Circonita 17 mm - Museo del Nacionalismo Vasco - Tienda\" \/>\n<meta property=\"og:description\" content=\"Museo del Nacionalismo Vasco - Tienda - Colgante Eguzkilore con Circonita 17 mm\" \/>\n<meta property=\"og:url\" content=\"https:\/\/denda.museodelnacionalismovasco.eus\/es\/producto\/colgante-eguzkilore-con-circonita\/\" \/>\n<meta property=\"og:site_name\" content=\"Museo del Nacionalismo Vasco - Tienda\" \/>\n<meta property=\"article:modified_time\" content=\"2025-12-18T11:31:32+00:00\" \/>\n<meta property=\"og:image\" content=\"https:\/\/denda.museodelnacionalismovasco.eus\/wp-content\/uploads\/2024\/06\/eguzkilore-colgante-1.jpg\" \/>\n\t<meta property=\"og:image:width\" content=\"565\" \/>\n\t<meta property=\"og:image:height\" content=\"565\" \/>\n\t<meta property=\"og:image:type\" content=\"image\/jpeg\" \/>\n<meta name=\"twitter:card\" content=\"summary_large_image\" \/>\n<meta name=\"twitter:label1\" content=\"Tiempo de lectura\" \/>\n\t<meta name=\"twitter:data1\" content=\"1 minuto\" \/>\n<script type=\"application\/ld+json\" class=\"yoast-schema-graph\">{\"@context\":\"https:\/\/schema.org\",\"@graph\":[{\"@type\":\"WebPage\",\"@id\":\"https:\/\/denda.museodelnacionalismovasco.eus\/es\/producto\/colgante-eguzkilore-con-circonita\/\",\"url\":\"https:\/\/denda.museodelnacionalismovasco.eus\/es\/producto\/colgante-eguzkilore-con-circonita\/\",\"name\":\"Colgante Eguzkilore con Circonita 17 mm - Museo del Nacionalismo Vasco - Tienda\",\"isPartOf\":{\"@id\":\"https:\/\/denda.museodelnacionalismovasco.eus\/es\/#website\"},\"primaryImageOfPage\":{\"@id\":\"https:\/\/denda.museodelnacionalismovasco.eus\/es\/producto\/colgante-eguzkilore-con-circonita\/#primaryimage\"},\"image\":{\"@id\":\"https:\/\/denda.museodelnacionalismovasco.eus\/es\/producto\/colgante-eguzkilore-con-circonita\/#primaryimage\"},\"thumbnailUrl\":\"https:\/\/denda.museodelnacionalismovasco.eus\/wp-content\/uploads\/2024\/06\/eguzkilore-colgante-1.jpg\",\"datePublished\":\"2024-06-11T16:09:11+00:00\",\"dateModified\":\"2025-12-18T11:31:32+00:00\",\"description\":\"Museo del Nacionalismo Vasco - Tienda - Colgante Eguzkilore con Circonita 17 mm\",\"breadcrumb\":{\"@id\":\"https:\/\/denda.museodelnacionalismovasco.eus\/es\/producto\/colgante-eguzkilore-con-circonita\/#breadcrumb\"},\"inLanguage\":\"es\",\"potentialAction\":[{\"@type\":\"ReadAction\",\"target\":[\"https:\/\/denda.museodelnacionalismovasco.eus\/es\/producto\/colgante-eguzkilore-con-circonita\/\"]}]},{\"@type\":\"ImageObject\",\"inLanguage\":\"es\",\"@id\":\"https:\/\/denda.museodelnacionalismovasco.eus\/es\/producto\/colgante-eguzkilore-con-circonita\/#primaryimage\",\"url\":\"https:\/\/denda.museodelnacionalismovasco.eus\/wp-content\/uploads\/2024\/06\/eguzkilore-colgante-1.jpg\",\"contentUrl\":\"https:\/\/denda.museodelnacionalismovasco.eus\/wp-content\/uploads\/2024\/06\/eguzkilore-colgante-1.jpg\",\"width\":565,\"height\":565,\"caption\":\"Colgante Eguzkilore con Circonita\"},{\"@type\":\"BreadcrumbList\",\"@id\":\"https:\/\/denda.museodelnacionalismovasco.eus\/es\/producto\/colgante-eguzkilore-con-circonita\/#breadcrumb\",\"itemListElement\":[{\"@type\":\"ListItem\",\"position\":1,\"name\":\"Portada\",\"item\":\"https:\/\/denda.museodelnacionalismovasco.eus\/es\/\"},{\"@type\":\"ListItem\",\"position\":2,\"name\":\"Shop\",\"item\":\"https:\/\/denda.museodelnacionalismovasco.eus\/es\/shop\/\"},{\"@type\":\"ListItem\",\"position\":3,\"name\":\"Colgante Eguzkilore con Circonita 17 mm\"}]},{\"@type\":\"WebSite\",\"@id\":\"https:\/\/denda.museodelnacionalismovasco.eus\/es\/#website\",\"url\":\"https:\/\/denda.museodelnacionalismovasco.eus\/es\/\",\"name\":\"Museo del Nacionalismo Vasco - Tienda\",\"description\":\"\",\"potentialAction\":[{\"@type\":\"SearchAction\",\"target\":{\"@type\":\"EntryPoint\",\"urlTemplate\":\"https:\/\/denda.museodelnacionalismovasco.eus\/es\/?s={search_term_string}\"},\"query-input\":{\"@type\":\"PropertyValueSpecification\",\"valueRequired\":true,\"valueName\":\"search_term_string\"}}],\"inLanguage\":\"es\"}]}<\/script>\n<!-- \/ Yoast SEO plugin. -->","yoast_head_json":{"title":"Colgante Eguzkilore con Circonita 17 mm - Museo del Nacionalismo Vasco - Tienda","description":"Museo del Nacionalismo Vasco - Tienda - Colgante Eguzkilore con Circonita 17 mm","robots":{"index":"index","follow":"follow","max-snippet":"max-snippet:-1","max-image-preview":"max-image-preview:large","max-video-preview":"max-video-preview:-1"},"canonical":"https:\/\/denda.museodelnacionalismovasco.eus\/es\/producto\/colgante-eguzkilore-con-circonita\/","og_locale":"es_ES","og_type":"article","og_title":"Colgante Eguzkilore con Circonita 17 mm - Museo del Nacionalismo Vasco - Tienda","og_description":"Museo del Nacionalismo Vasco - Tienda - Colgante Eguzkilore con Circonita 17 mm","og_url":"https:\/\/denda.museodelnacionalismovasco.eus\/es\/producto\/colgante-eguzkilore-con-circonita\/","og_site_name":"Museo del Nacionalismo Vasco - Tienda","article_modified_time":"2025-12-18T11:31:32+00:00","og_image":[{"width":565,"height":565,"url":"https:\/\/denda.museodelnacionalismovasco.eus\/wp-content\/uploads\/2024\/06\/eguzkilore-colgante-1.jpg","type":"image\/jpeg"}],"twitter_card":"summary_large_image","twitter_misc":{"Tiempo de lectura":"1 minuto"},"schema":{"@context":"https:\/\/schema.org","@graph":[{"@type":"WebPage","@id":"https:\/\/denda.museodelnacionalismovasco.eus\/es\/producto\/colgante-eguzkilore-con-circonita\/","url":"https:\/\/denda.museodelnacionalismovasco.eus\/es\/producto\/colgante-eguzkilore-con-circonita\/","name":"Colgante Eguzkilore con Circonita 17 mm - Museo del Nacionalismo Vasco - Tienda","isPartOf":{"@id":"https:\/\/denda.museodelnacionalismovasco.eus\/es\/#website"},"primaryImageOfPage":{"@id":"https:\/\/denda.museodelnacionalismovasco.eus\/es\/producto\/colgante-eguzkilore-con-circonita\/#primaryimage"},"image":{"@id":"https:\/\/denda.museodelnacionalismovasco.eus\/es\/producto\/colgante-eguzkilore-con-circonita\/#primaryimage"},"thumbnailUrl":"https:\/\/denda.museodelnacionalismovasco.eus\/wp-content\/uploads\/2024\/06\/eguzkilore-colgante-1.jpg","datePublished":"2024-06-11T16:09:11+00:00","dateModified":"2025-12-18T11:31:32+00:00","description":"Museo del Nacionalismo Vasco - Tienda - Colgante Eguzkilore con Circonita 17 mm","breadcrumb":{"@id":"https:\/\/denda.museodelnacionalismovasco.eus\/es\/producto\/colgante-eguzkilore-con-circonita\/#breadcrumb"},"inLanguage":"es","potentialAction":[{"@type":"ReadAction","target":["https:\/\/denda.museodelnacionalismovasco.eus\/es\/producto\/colgante-eguzkilore-con-circonita\/"]}]},{"@type":"ImageObject","inLanguage":"es","@id":"https:\/\/denda.museodelnacionalismovasco.eus\/es\/producto\/colgante-eguzkilore-con-circonita\/#primaryimage","url":"https:\/\/denda.museodelnacionalismovasco.eus\/wp-content\/uploads\/2024\/06\/eguzkilore-colgante-1.jpg","contentUrl":"https:\/\/denda.museodelnacionalismovasco.eus\/wp-content\/uploads\/2024\/06\/eguzkilore-colgante-1.jpg","width":565,"height":565,"caption":"Colgante Eguzkilore con Circonita"},{"@type":"BreadcrumbList","@id":"https:\/\/denda.museodelnacionalismovasco.eus\/es\/producto\/colgante-eguzkilore-con-circonita\/#breadcrumb","itemListElement":[{"@type":"ListItem","position":1,"name":"Portada","item":"https:\/\/denda.museodelnacionalismovasco.eus\/es\/"},{"@type":"ListItem","position":2,"name":"Shop","item":"https:\/\/denda.museodelnacionalismovasco.eus\/es\/shop\/"},{"@type":"ListItem","position":3,"name":"Colgante Eguzkilore con Circonita 17 mm"}]},{"@type":"WebSite","@id":"https:\/\/denda.museodelnacionalismovasco.eus\/es\/#website","url":"https:\/\/denda.museodelnacionalismovasco.eus\/es\/","name":"Museo del Nacionalismo Vasco - Tienda","description":"","potentialAction":[{"@type":"SearchAction","target":{"@type":"EntryPoint","urlTemplate":"https:\/\/denda.museodelnacionalismovasco.eus\/es\/?s={search_term_string}"},"query-input":{"@type":"PropertyValueSpecification","valueRequired":true,"valueName":"search_term_string"}}],"inLanguage":"es"}]}},"_links":{"self":[{"href":"https:\/\/denda.museodelnacionalismovasco.eus\/es\/wp-json\/wp\/v2\/product\/5464","targetHints":{"allow":["GET"]}}],"collection":[{"href":"https:\/\/denda.museodelnacionalismovasco.eus\/es\/wp-json\/wp\/v2\/product"}],"about":[{"href":"https:\/\/denda.museodelnacionalismovasco.eus\/es\/wp-json\/wp\/v2\/types\/product"}],"wp:featuredmedia":[{"embeddable":true,"href":"https:\/\/denda.museodelnacionalismovasco.eus\/es\/wp-json\/wp\/v2\/media\/5465"}],"wp:attachment":[{"href":"https:\/\/denda.museodelnacionalismovasco.eus\/es\/wp-json\/wp\/v2\/media?parent=5464"}],"wp:term":[{"taxonomy":"product_brand","embeddable":true,"href":"https:\/\/denda.museodelnacionalismovasco.eus\/es\/wp-json\/wp\/v2\/product_brand?post=5464"},{"taxonomy":"product_cat","embeddable":true,"href":"https:\/\/denda.museodelnacionalismovasco.eus\/es\/wp-json\/wp\/v2\/product_cat?post=5464"},{"taxonomy":"product_tag","embeddable":true,"href":"https:\/\/denda.museodelnacionalismovasco.eus\/es\/wp-json\/wp\/v2\/product_tag?post=5464"}],"curies":[{"name":"wp","href":"https:\/\/api.w.org\/{rel}","templated":true}]}}

<p>Colgante Eguzkilore de 17 mm de diámetro está elaborado de acero quirúrgico inoxidable de la mejor calidad (acero 316 L anti- alergénico) y en su núcleo se encuentra una maravillosa circonita de color blanco.</p>
<p>Directamente del taller artesanal<strong> Basque Live Project</strong>: diseños exclusivos, únicos y originales de <strong>Euskal Herria</strong>!</p>
<p>Precioso colgante en forma de <strong>Eguzkilore</strong>. Según la antigua leyenda vasca, este <strong>amuleto</strong> tiene un poder protector contra malos hechizos, brujerías, enfermedades, tormentas, tempestades y rayos.</p>
<ul>
<li><strong>Composición:</strong>  Acero inoxidable quirúrgico  316 L hipoalergénico (no magnético), grabado Láser – los nervios de la flor.</li>
<li><strong>Tamaño:</strong>  El <strong>colgante</strong> tiene 17mm de diámetro.</li>
<li><strong>Soporte:</strong>  Cadena de acero inoxidable aprox. de 45cm de largo.</li>
<li><strong>Presentación:</strong> 1x Cajita de cartón <strong>«Basque Live»</strong>, 1x Descripción, 1x Colgante <strong>Eguzkilore</strong>.</li>
<li><strong>Peso con embalaje:</strong> aprox. 30 gramos.</li>
</ul>

<p>Colgante Eguzkilore de 17 mm de diámetro está elaborado de acero quirúrgico inoxidable de la mejor calidad (acero 316 L anti- alergénico) y en su núcleo se encuentra una maravillosa circonita de color blanco.</p>
