{"id":4991,"date":"2023-01-02T12:28:43","date_gmt":"2023-01-02T11:28:43","guid":{"rendered":"https:\/\/denda.museodelnacionalismovasco.eus\/?post_type=product&#038;p=4991"},"modified":"2024-04-04T12:13:10","modified_gmt":"2024-04-04T11:13:10","slug":"revista-hermes-73","status":"publish","type":"product","link":"https:\/\/denda.museodelnacionalismovasco.eus\/es\/producto\/revista-hermes-73\/","title":{"rendered":"Revista Hermes 73"},"content":{"rendered":"<p class=\"x_MsoNormal\" style=\"text-align: left\" align=\"center\"><b><span class=\"x_ContentPasted1\" lang=\"ES-TRAD\">Los retos de futuro del euskara y las prioridades de la comunidad vascoparlante de la pr\u00f3xima d\u00e9cada, objeto de reflexi\u00f3n en el n\u00famero 73 de Hermes<br \/>\n<\/span><\/b><\/p>\n<div class=\"x_elementToProof\"><span class=\"x_ContentPasted0\" lang=\"EU\"><span class=\"x_ContentPasted1\" lang=\"ES-TRAD\">Los consejeros de Cultura y Pol\u00edtica Ling\u00fc\u00edstica del Gobierno vasco, Bingen Zupiria, y de Educaci\u00f3n, Jokin Bildarratz, respectivamente, junto a destacados representantes del mundo del euskara y de la cultura vasca analizan en el \u00faltimo n\u00famero (N\u00ba 73) de la revista Hermes el futuro del idioma y de la comunidad vascoparlante en los pr\u00f3ximos diez a\u00f1os.<\/span> <\/span><\/div>\n<div>\n<p>Todo ello, fruto de un seminario organizado en colaboraci\u00f3n con Euskaltzaindia el pasado mes de julio. Las reflexiones alcanzan a vislumbrar los retos ling\u00fc\u00edsticos m\u00e1s relevantes que deber\u00e1 afrontar el Gobierno vasco, las previsiones de la pol\u00edtica educativa y las prioridades de la acci\u00f3n social euskaldun. \u201cSer\u00e1, en definitiva, una sociedad nueva, moderna, transformadora, comprometida y compuesta por euskaldunes multiling\u00fces. Una sociedad abierta al mundo, un pa\u00eds renovado e innovador\u201d, afirma Mireia Zarate, presidenta de Sabino Arana Fundazioa.<\/p>\n<p>Adem\u00e1s de los consejeros Zupiria y Bildarratz, y de Mireia Zarate, colaboran en este n\u00famero 73 Xabier Barandiaran, doctor en Sociologia y profesor de Sociolog\u00eda en la Universidad de Deusto; Nagore Ipi\u00f1a, decana de la Facultad de Humanidades y Ciencias de la Educaci\u00f3n de Mondragon Unibertsitatea; Jorge Gimenez, traductor y escritor; Eva Rodr\u00edguez, directora del Colegio San Jos\u00e9 Jesuitak de Durango; Elixabete Larrinaga, doctora en Ciencia Pol\u00edtica y de la Administraci\u00f3n y profesora universitaria; y Josune Zabala, directora de Investigaci\u00f3n Ling\u00fc\u00edstica y Coordinaci\u00f3n del Gobierno Vasco.<\/p>\n<p>En la entrevista, Bernardo Atxaga asegura que \u201cel secreto para el euskera y para el Pa\u00eds est\u00e1 en el valor que la sociedad vasca d\u00e9 a la lengua\u201d y, seg\u00fan Atxaga, \u201cel valor a veces es invisible\u201d. Interesantes tambi\u00e9n son las reflexiones del escritor en torno a la \u201cMano de Irulegi\u201d a la que califica como \u201cun regalo inesperado\u201d. M\u00e1s all\u00e1 de pol\u00e9micas y utilizaciones pol\u00edticas que, al fin y al cabo, se mezclan tambi\u00e9n con este tema \u201c\u00bfnecesitar\u00edamos los vascos, necesita el euskera reafirmarse sobre sus or\u00edgenes, en su antig\u00fcedad, singularidad, etc?, se pregunta.<\/p>\n<p>La artista Gabriele Muguruza (Donostia-San Sebasti\u00e1n, 1992) ha sido la encargada de poner su obra gr\u00e1fica a este n\u00famero 73 de Hermes.<\/p>\n<\/div>\n","protected":false},"excerpt":{"rendered":"<p>2030eko euskaldun eleaniztuna<\/p>\n","protected":false},"featured_media":4992,"template":"","meta":[],"product_brand":[],"product_cat":[96],"product_tag":[137,138,136,132,134,122,131,140,139],"class_list":{"0":"post-4991","1":"product","2":"type-product","3":"status-publish","4":"has-post-thumbnail","6":"product_cat-publicaciones","7":"product_tag-basquecountry","8":"product_tag-denda","9":"product_tag-euskadi","10":"product_tag-euskal-abertzaletasunaren-museoa","11":"product_tag-euzkadi","12":"product_tag-hermes","13":"product_tag-museo-del-nacionalismo-vasco","14":"product_tag-museum-of-basque-nationalism","15":"product_tag-tienda","17":"first","18":"instock","19":"shipping-taxable","20":"purchasable","21":"product-type-simple"},"yoast_head":"<!-- This site is optimized with the Yoast SEO plugin v24.7 - https:\/\/yoast.com\/wordpress\/plugins\/seo\/ -->\n<title>Revista Hermes 73 - Museo del Nacionalismo Vasco - Tienda<\/title>\n<meta name=\"description\" content=\"Hermes, revista de pensamiento y opini\u00f3n, numero 73\" \/>\n<meta name=\"robots\" content=\"index, follow, max-snippet:-1, max-image-preview:large, max-video-preview:-1\" \/>\n<link rel=\"canonical\" href=\"https:\/\/denda.museodelnacionalismovasco.eus\/es\/producto\/revista-hermes-73\/\" \/>\n<meta property=\"og:locale\" content=\"es_ES\" \/>\n<meta property=\"og:type\" content=\"article\" \/>\n<meta property=\"og:title\" content=\"Revista Hermes 73 - Museo del Nacionalismo Vasco - Tienda\" \/>\n<meta property=\"og:description\" content=\"Hermes, revista de pensamiento y opini\u00f3n, numero 73\" \/>\n<meta property=\"og:url\" content=\"https:\/\/denda.museodelnacionalismovasco.eus\/es\/producto\/revista-hermes-73\/\" \/>\n<meta property=\"og:site_name\" content=\"Museo del Nacionalismo Vasco - Tienda\" \/>\n<meta property=\"article:modified_time\" content=\"2024-04-04T11:13:10+00:00\" \/>\n<meta property=\"og:image\" content=\"https:\/\/denda.museodelnacionalismovasco.eus\/wp-content\/uploads\/2023\/01\/Hermes73-scaled.jpg\" \/>\n\t<meta property=\"og:image:width\" content=\"1930\" \/>\n\t<meta property=\"og:image:height\" content=\"2560\" \/>\n\t<meta property=\"og:image:type\" content=\"image\/jpeg\" \/>\n<meta name=\"twitter:card\" content=\"summary_large_image\" \/>\n<meta name=\"twitter:label1\" content=\"Tiempo de lectura\" \/>\n\t<meta name=\"twitter:data1\" content=\"2 minutos\" \/>\n<script type=\"application\/ld+json\" class=\"yoast-schema-graph\">{\"@context\":\"https:\/\/schema.org\",\"@graph\":[{\"@type\":\"WebPage\",\"@id\":\"https:\/\/denda.museodelnacionalismovasco.eus\/es\/producto\/revista-hermes-73\/\",\"url\":\"https:\/\/denda.museodelnacionalismovasco.eus\/es\/producto\/revista-hermes-73\/\",\"name\":\"Revista Hermes 73 - Museo del Nacionalismo Vasco - Tienda\",\"isPartOf\":{\"@id\":\"https:\/\/denda.museodelnacionalismovasco.eus\/es\/#website\"},\"primaryImageOfPage\":{\"@id\":\"https:\/\/denda.museodelnacionalismovasco.eus\/es\/producto\/revista-hermes-73\/#primaryimage\"},\"image\":{\"@id\":\"https:\/\/denda.museodelnacionalismovasco.eus\/es\/producto\/revista-hermes-73\/#primaryimage\"},\"thumbnailUrl\":\"https:\/\/denda.museodelnacionalismovasco.eus\/wp-content\/uploads\/2023\/01\/Hermes73-scaled.jpg\",\"datePublished\":\"2023-01-02T11:28:43+00:00\",\"dateModified\":\"2024-04-04T11:13:10+00:00\",\"description\":\"Hermes, revista de pensamiento y opini\u00f3n, numero 73\",\"breadcrumb\":{\"@id\":\"https:\/\/denda.museodelnacionalismovasco.eus\/es\/producto\/revista-hermes-73\/#breadcrumb\"},\"inLanguage\":\"es\",\"potentialAction\":[{\"@type\":\"ReadAction\",\"target\":[\"https:\/\/denda.museodelnacionalismovasco.eus\/es\/producto\/revista-hermes-73\/\"]}]},{\"@type\":\"ImageObject\",\"inLanguage\":\"es\",\"@id\":\"https:\/\/denda.museodelnacionalismovasco.eus\/es\/producto\/revista-hermes-73\/#primaryimage\",\"url\":\"https:\/\/denda.museodelnacionalismovasco.eus\/wp-content\/uploads\/2023\/01\/Hermes73-scaled.jpg\",\"contentUrl\":\"https:\/\/denda.museodelnacionalismovasco.eus\/wp-content\/uploads\/2023\/01\/Hermes73-scaled.jpg\",\"width\":1930,\"height\":2560},{\"@type\":\"BreadcrumbList\",\"@id\":\"https:\/\/denda.museodelnacionalismovasco.eus\/es\/producto\/revista-hermes-73\/#breadcrumb\",\"itemListElement\":[{\"@type\":\"ListItem\",\"position\":1,\"name\":\"Portada\",\"item\":\"https:\/\/denda.museodelnacionalismovasco.eus\/es\/\"},{\"@type\":\"ListItem\",\"position\":2,\"name\":\"Shop\",\"item\":\"https:\/\/denda.museodelnacionalismovasco.eus\/es\/shop\/\"},{\"@type\":\"ListItem\",\"position\":3,\"name\":\"Revista Hermes 73\"}]},{\"@type\":\"WebSite\",\"@id\":\"https:\/\/denda.museodelnacionalismovasco.eus\/es\/#website\",\"url\":\"https:\/\/denda.museodelnacionalismovasco.eus\/es\/\",\"name\":\"Museo del Nacionalismo Vasco - Tienda\",\"description\":\"\",\"potentialAction\":[{\"@type\":\"SearchAction\",\"target\":{\"@type\":\"EntryPoint\",\"urlTemplate\":\"https:\/\/denda.museodelnacionalismovasco.eus\/es\/?s={search_term_string}\"},\"query-input\":{\"@type\":\"PropertyValueSpecification\",\"valueRequired\":true,\"valueName\":\"search_term_string\"}}],\"inLanguage\":\"es\"}]}<\/script>\n<!-- \/ Yoast SEO plugin. -->","yoast_head_json":{"title":"Revista Hermes 73 - Museo del Nacionalismo Vasco - Tienda","description":"Hermes, revista de pensamiento y opini\u00f3n, numero 73","robots":{"index":"index","follow":"follow","max-snippet":"max-snippet:-1","max-image-preview":"max-image-preview:large","max-video-preview":"max-video-preview:-1"},"canonical":"https:\/\/denda.museodelnacionalismovasco.eus\/es\/producto\/revista-hermes-73\/","og_locale":"es_ES","og_type":"article","og_title":"Revista Hermes 73 - Museo del Nacionalismo Vasco - Tienda","og_description":"Hermes, revista de pensamiento y opini\u00f3n, numero 73","og_url":"https:\/\/denda.museodelnacionalismovasco.eus\/es\/producto\/revista-hermes-73\/","og_site_name":"Museo del Nacionalismo Vasco - Tienda","article_modified_time":"2024-04-04T11:13:10+00:00","og_image":[{"width":1930,"height":2560,"url":"https:\/\/denda.museodelnacionalismovasco.eus\/wp-content\/uploads\/2023\/01\/Hermes73-scaled.jpg","type":"image\/jpeg"}],"twitter_card":"summary_large_image","twitter_misc":{"Tiempo de lectura":"2 minutos"},"schema":{"@context":"https:\/\/schema.org","@graph":[{"@type":"WebPage","@id":"https:\/\/denda.museodelnacionalismovasco.eus\/es\/producto\/revista-hermes-73\/","url":"https:\/\/denda.museodelnacionalismovasco.eus\/es\/producto\/revista-hermes-73\/","name":"Revista Hermes 73 - Museo del Nacionalismo Vasco - Tienda","isPartOf":{"@id":"https:\/\/denda.museodelnacionalismovasco.eus\/es\/#website"},"primaryImageOfPage":{"@id":"https:\/\/denda.museodelnacionalismovasco.eus\/es\/producto\/revista-hermes-73\/#primaryimage"},"image":{"@id":"https:\/\/denda.museodelnacionalismovasco.eus\/es\/producto\/revista-hermes-73\/#primaryimage"},"thumbnailUrl":"https:\/\/denda.museodelnacionalismovasco.eus\/wp-content\/uploads\/2023\/01\/Hermes73-scaled.jpg","datePublished":"2023-01-02T11:28:43+00:00","dateModified":"2024-04-04T11:13:10+00:00","description":"Hermes, revista de pensamiento y opini\u00f3n, numero 73","breadcrumb":{"@id":"https:\/\/denda.museodelnacionalismovasco.eus\/es\/producto\/revista-hermes-73\/#breadcrumb"},"inLanguage":"es","potentialAction":[{"@type":"ReadAction","target":["https:\/\/denda.museodelnacionalismovasco.eus\/es\/producto\/revista-hermes-73\/"]}]},{"@type":"ImageObject","inLanguage":"es","@id":"https:\/\/denda.museodelnacionalismovasco.eus\/es\/producto\/revista-hermes-73\/#primaryimage","url":"https:\/\/denda.museodelnacionalismovasco.eus\/wp-content\/uploads\/2023\/01\/Hermes73-scaled.jpg","contentUrl":"https:\/\/denda.museodelnacionalismovasco.eus\/wp-content\/uploads\/2023\/01\/Hermes73-scaled.jpg","width":1930,"height":2560},{"@type":"BreadcrumbList","@id":"https:\/\/denda.museodelnacionalismovasco.eus\/es\/producto\/revista-hermes-73\/#breadcrumb","itemListElement":[{"@type":"ListItem","position":1,"name":"Portada","item":"https:\/\/denda.museodelnacionalismovasco.eus\/es\/"},{"@type":"ListItem","position":2,"name":"Shop","item":"https:\/\/denda.museodelnacionalismovasco.eus\/es\/shop\/"},{"@type":"ListItem","position":3,"name":"Revista Hermes 73"}]},{"@type":"WebSite","@id":"https:\/\/denda.museodelnacionalismovasco.eus\/es\/#website","url":"https:\/\/denda.museodelnacionalismovasco.eus\/es\/","name":"Museo del Nacionalismo Vasco - Tienda","description":"","potentialAction":[{"@type":"SearchAction","target":{"@type":"EntryPoint","urlTemplate":"https:\/\/denda.museodelnacionalismovasco.eus\/es\/?s={search_term_string}"},"query-input":{"@type":"PropertyValueSpecification","valueRequired":true,"valueName":"search_term_string"}}],"inLanguage":"es"}]}},"_links":{"self":[{"href":"https:\/\/denda.museodelnacionalismovasco.eus\/es\/wp-json\/wp\/v2\/product\/4991","targetHints":{"allow":["GET"]}}],"collection":[{"href":"https:\/\/denda.museodelnacionalismovasco.eus\/es\/wp-json\/wp\/v2\/product"}],"about":[{"href":"https:\/\/denda.museodelnacionalismovasco.eus\/es\/wp-json\/wp\/v2\/types\/product"}],"wp:featuredmedia":[{"embeddable":true,"href":"https:\/\/denda.museodelnacionalismovasco.eus\/es\/wp-json\/wp\/v2\/media\/4992"}],"wp:attachment":[{"href":"https:\/\/denda.museodelnacionalismovasco.eus\/es\/wp-json\/wp\/v2\/media?parent=4991"}],"wp:term":[{"taxonomy":"product_brand","embeddable":true,"href":"https:\/\/denda.museodelnacionalismovasco.eus\/es\/wp-json\/wp\/v2\/product_brand?post=4991"},{"taxonomy":"product_cat","embeddable":true,"href":"https:\/\/denda.museodelnacionalismovasco.eus\/es\/wp-json\/wp\/v2\/product_cat?post=4991"},{"taxonomy":"product_tag","embeddable":true,"href":"https:\/\/denda.museodelnacionalismovasco.eus\/es\/wp-json\/wp\/v2\/product_tag?post=4991"}],"curies":[{"name":"wp","href":"https:\/\/api.w.org\/{rel}","templated":true}]}}

<p class="x_MsoNormal" style="text-align: left" align="center"><b><span class="x_ContentPasted1" lang="ES-TRAD">Los retos de futuro del euskara y las prioridades de la comunidad vascoparlante de la próxima década, objeto de reflexión en el número 73 de Hermes<br />
</span></b></p>
<div class="x_elementToProof"><span class="x_ContentPasted0" lang="EU"><span class="x_ContentPasted1" lang="ES-TRAD">Los consejeros de Cultura y Política Lingüística del Gobierno vasco, Bingen Zupiria, y de Educación, Jokin Bildarratz, respectivamente, junto a destacados representantes del mundo del euskara y de la cultura vasca analizan en el último número (Nº 73) de la revista Hermes el futuro del idioma y de la comunidad vascoparlante en los próximos diez años.</span> </span></div>
<div>
<p>Todo ello, fruto de un seminario organizado en colaboración con Euskaltzaindia el pasado mes de julio. Las reflexiones alcanzan a vislumbrar los retos lingüísticos más relevantes que deberá afrontar el Gobierno vasco, las previsiones de la política educativa y las prioridades de la acción social euskaldun. “Será, en definitiva, una sociedad nueva, moderna, transformadora, comprometida y compuesta por euskaldunes multilingües. Una sociedad abierta al mundo, un país renovado e innovador”, afirma Mireia Zarate, presidenta de Sabino Arana Fundazioa.</p>
<p>Además de los consejeros Zupiria y Bildarratz, y de Mireia Zarate, colaboran en este número 73 Xabier Barandiaran, doctor en Sociologia y profesor de Sociología en la Universidad de Deusto; Nagore Ipiña, decana de la Facultad de Humanidades y Ciencias de la Educación de Mondragon Unibertsitatea; Jorge Gimenez, traductor y escritor; Eva Rodríguez, directora del Colegio San José Jesuitak de Durango; Elixabete Larrinaga, doctora en Ciencia Política y de la Administración y profesora universitaria; y Josune Zabala, directora de Investigación Lingüística y Coordinación del Gobierno Vasco.</p>
<p>En la entrevista, Bernardo Atxaga asegura que “el secreto para el euskera y para el País está en el valor que la sociedad vasca dé a la lengua” y, según Atxaga, “el valor a veces es invisible”. Interesantes también son las reflexiones del escritor en torno a la “Mano de Irulegi” a la que califica como “un regalo inesperado”. Más allá de polémicas y utilizaciones políticas que, al fin y al cabo, se mezclan también con este tema “¿necesitaríamos los vascos, necesita el euskera reafirmarse sobre sus orígenes, en su antigüedad, singularidad, etc?, se pregunta.</p>
<p>La artista Gabriele Muguruza (Donostia-San Sebastián, 1992) ha sido la encargada de poner su obra gráfica a este número 73 de Hermes.</p>
</div>

<!-- This site is optimized with the Yoast SEO plugin v24.7 - https://yoast.com/wordpress/plugins/seo/ -->
<title>Revista Hermes 73 - Museo del Nacionalismo Vasco - Tienda</title>
<meta name="description" content="Hermes, revista de pensamiento y opinión, numero 73" />
<meta name="robots" content="index, follow, max-snippet:-1, max-image-preview:large, max-video-preview:-1" />
<link rel="canonical" href="https://denda.museodelnacionalismovasco.eus/es/producto/revista-hermes-73/" />
<meta property="og:locale" content="es_ES" />
<meta property="og:type" content="article" />
<meta property="og:title" content="Revista Hermes 73 - Museo del Nacionalismo Vasco - Tienda" />
<meta property="og:description" content="Hermes, revista de pensamiento y opinión, numero 73" />
<meta property="og:url" content="https://denda.museodelnacionalismovasco.eus/es/producto/revista-hermes-73/" />
<meta property="og:site_name" content="Museo del Nacionalismo Vasco - Tienda" />
<meta property="article:modified_time" content="2024-04-04T11:13:10+00:00" />
<meta property="og:image" content="https://denda.museodelnacionalismovasco.eus/wp-content/uploads/2023/01/Hermes73-scaled.jpg" />
	<meta property="og:image:width" content="1930" />
	<meta property="og:image:height" content="2560" />
	<meta property="og:image:type" content="image/jpeg" />
<meta name="twitter:card" content="summary_large_image" />
<meta name="twitter:label1" content="Tiempo de lectura" />
	<meta name="twitter:data1" content="2 minutos" />
<script type="application/ld+json" class="yoast-schema-graph">{"@context":"https://schema.org","@graph":[{"@type":"WebPage","@id":"https://denda.museodelnacionalismovasco.eus/es/producto/revista-hermes-73/","url":"https://denda.museodelnacionalismovasco.eus/es/producto/revista-hermes-73/","name":"Revista Hermes 73 - Museo del Nacionalismo Vasco - Tienda","isPartOf":{"@id":"https://denda.museodelnacionalismovasco.eus/es/#website"},"primaryImageOfPage":{"@id":"https://denda.museodelnacionalismovasco.eus/es/producto/revista-hermes-73/#primaryimage"},"image":{"@id":"https://denda.museodelnacionalismovasco.eus/es/producto/revista-hermes-73/#primaryimage"},"thumbnailUrl":"https://denda.museodelnacionalismovasco.eus/wp-content/uploads/2023/01/Hermes73-scaled.jpg","datePublished":"2023-01-02T11:28:43+00:00","dateModified":"2024-04-04T11:13:10+00:00","description":"Hermes, revista de pensamiento y opinión, numero 73","breadcrumb":{"@id":"https://denda.museodelnacionalismovasco.eus/es/producto/revista-hermes-73/#breadcrumb"},"inLanguage":"es","potentialAction":[{"@type":"ReadAction","target":["https://denda.museodelnacionalismovasco.eus/es/producto/revista-hermes-73/"]}]},{"@type":"ImageObject","inLanguage":"es","@id":"https://denda.museodelnacionalismovasco.eus/es/producto/revista-hermes-73/#primaryimage","url":"https://denda.museodelnacionalismovasco.eus/wp-content/uploads/2023/01/Hermes73-scaled.jpg","contentUrl":"https://denda.museodelnacionalismovasco.eus/wp-content/uploads/2023/01/Hermes73-scaled.jpg","width":1930,"height":2560},{"@type":"BreadcrumbList","@id":"https://denda.museodelnacionalismovasco.eus/es/producto/revista-hermes-73/#breadcrumb","itemListElement":[{"@type":"ListItem","position":1,"name":"Portada","item":"https://denda.museodelnacionalismovasco.eus/es/"},{"@type":"ListItem","position":2,"name":"Shop","item":"https://denda.museodelnacionalismovasco.eus/es/shop/"},{"@type":"ListItem","position":3,"name":"Revista Hermes 73"}]},{"@type":"WebSite","@id":"https://denda.museodelnacionalismovasco.eus/es/#website","url":"https://denda.museodelnacionalismovasco.eus/es/","name":"Museo del Nacionalismo Vasco - Tienda","description":"","potentialAction":[{"@type":"SearchAction","target":{"@type":"EntryPoint","urlTemplate":"https://denda.museodelnacionalismovasco.eus/es/?s={search_term_string}"},"query-input":{"@type":"PropertyValueSpecification","valueRequired":true,"valueName":"search_term_string"}}],"inLanguage":"es"}]}</script>
<!-- / Yoast SEO plugin. -->

Hermes, revista de pensamiento y opinión, numero 73
